{"id":779,"date":"2021-09-05T15:08:41","date_gmt":"2021-09-05T13:08:41","guid":{"rendered":"http:\/\/bip.asiis.edu.pl\/?page_id=779"},"modified":"2023-01-31T08:28:17","modified_gmt":"2023-01-31T07:28:17","slug":"rozklady-jazdy-autobusow-od-wrzesnia-2021-roku-do-grudnia-2022-roku","status":"publish","type":"page","link":"http:\/\/bip.asiis.edu.pl\/?page_id=779","title":{"rendered":"Rozk\u0142ady Jazdy Autobus\u00f3w od 1 stycznia do 31 grudnia 2023 roku"},"content":{"rendered":"\t\t<div data-elementor-type=\"wp-page\" data-elementor-id=\"779\" class=\"elementor elementor-779\" data-elementor-post-type=\"page\">\n\t\t\t\t\t\t<section class=\"elementor-section elementor-top-section elementor-element elementor-element-dcacb70 elementor-section-boxed elementor-section-height-default elementor-section-height-default\" data-id=\"dcacb70\" data-element_type=\"section\">\n\t\t\t\t\t\t<div class=\"elementor-container elementor-column-gap-default\">\n\t\t\t\t\t<div class=\"elementor-column elementor-col-100 elementor-top-column elementor-element elementor-element-448d310\" data-id=\"448d310\" data-element_type=\"column\">\n\t\t\t<div class=\"elementor-widget-wrap elementor-element-populated\">\n\t\t\t\t\t\t<div class=\"elementor-element elementor-element-467171b elementor-widget elementor-widget-heading\" data-id=\"467171b\" data-element_type=\"widget\" data-widget_type=\"heading.default\">\n\t\t\t\t<div class=\"elementor-widget-container\">\n\t\t\t<h4 class=\"elementor-heading-title elementor-size-default\"><a href=\"http:\/\/bip.asiis.edu.pl\/index.php\/2021\/09\/05\/linia-1\/\">Linia 1\nBia\u0142\u0119gi- Narost- Brwice- Czartoryja Osiedle- Czartoryja- Barnkowo- Chojna ul. \u017b\u00f3\u0142kiewskiego- Chojna ul. Szkolna \n<\/a><\/h4>\t\t<\/div>\n\t\t\t\t<\/div>\n\t\t\t\t<div class=\"elementor-element elementor-element-0355688 elementor-widget elementor-widget-heading\" data-id=\"0355688\" data-element_type=\"widget\" data-widget_type=\"heading.default\">\n\t\t\t\t<div class=\"elementor-widget-container\">\n\t\t\t<h4 class=\"elementor-heading-title elementor-size-default\"><a href=\"http:\/\/bip.asiis.edu.pl\/index.php\/2021\/09\/05\/linia-2\/\">Linia 2\nGodk\u00f3w- Godk\u00f3w Osiedle- Jelenin- Chojna ul. Szkolna- Chojna ul. \u017bwirki i Wigury- Chojna ul. \u017b\u00f3\u0142kiewskiego\n<\/a><\/h4>\t\t<\/div>\n\t\t\t\t<\/div>\n\t\t\t\t<div class=\"elementor-element elementor-element-524e215 elementor-widget elementor-widget-heading\" data-id=\"524e215\" data-element_type=\"widget\" data-widget_type=\"heading.default\">\n\t\t\t\t<div class=\"elementor-widget-container\">\n\t\t\t<h4 class=\"elementor-heading-title elementor-size-default\"><a href=\"http:\/\/bip.asiis.edu.pl\/index.php\/2021\/09\/05\/linia-3\/\">Linia 3\n\u0141aziszcze- M\u0119tno-M\u0119tno Le\u015bnicz\u00f3wka- Chojna ul. \u017bwirki i Wigury-Jelenin- Chojna ul. Szkolna- Chojna ul. \u017b\u00f3\u0142kiewskiego\n<\/a><\/h4>\t\t<\/div>\n\t\t\t\t<\/div>\n\t\t\t\t<div class=\"elementor-element elementor-element-f9c7059 elementor-widget elementor-widget-heading\" data-id=\"f9c7059\" data-element_type=\"widget\" data-widget_type=\"heading.default\">\n\t\t\t\t<div class=\"elementor-widget-container\">\n\t\t\t<h4 class=\"elementor-heading-title elementor-size-default\"><a href=\"http:\/\/bip.asiis.edu.pl\/index.php\/2021\/09\/05\/linia-4\/\">Linia 4\nRurka- Kamienny Jaz-Strzelczyn- Strzeszewko-Grzybno-Barnkowo- Chojna ul.  Szkolna -Chojna ul.  \u017bwirki i Wigury- Chojna ul. \u017b\u00f3\u0142kiewskiego\n<\/a><\/h4>\t\t<\/div>\n\t\t\t\t<\/div>\n\t\t\t\t<div class=\"elementor-element elementor-element-b8be45c elementor-widget elementor-widget-heading\" data-id=\"b8be45c\" data-element_type=\"widget\" data-widget_type=\"heading.default\">\n\t\t\t\t<div class=\"elementor-widget-container\">\n\t\t\t<h4 class=\"elementor-heading-title elementor-size-default\"><a href=\"http:\/\/bip.asiis.edu.pl\/index.php\/2021\/09\/05\/linia-5\/\">Linia 5\nZato\u0144 Dolna- Ognica-Stoki \u2013 Krajnik Dolny- Krajnik G\u00f3rny-Grabowo- Krzym\u00f3w Le\u015bnicz\u00f3wka*-Krzym\u00f3w-Chojna ul. Szkolna- Chojna ul.  \u017b\u00f3\u0142kiewskiego - obowi\u0105zuje do 28.02.2023 r.\n<\/a><\/h4>\t\t<\/div>\n\t\t\t\t<\/div>\n\t\t\t\t<div class=\"elementor-element elementor-element-544e791 elementor-widget elementor-widget-heading\" data-id=\"544e791\" data-element_type=\"widget\" data-widget_type=\"heading.default\">\n\t\t\t\t<div class=\"elementor-widget-container\">\n\t\t\t<h4 class=\"elementor-heading-title elementor-size-default\"><a href=\"http:\/\/bip.asiis.edu.pl\/index.php\/2023\/01\/31\/linia-5-azaton-dolna-stoki-krzymow-chojna-ul-zwirki-i-wigury-chojna-ul-szkolna-chojna-ul-zolkiewskiego-obowiazuje-od-1-03-2023-r\/\">Linia 5 A\nZato\u0144 Dolna- Stoki- Krzym\u00f3w- Chojna ul. \u017bwirki i Wigury- Chojna ul. Szkolna- Chojna ul. \u017b\u00f3\u0142kiewskiego - obowi\u0105zuje od 1.03.2023 r.\n<\/a><\/h4>\t\t<\/div>\n\t\t\t\t<\/div>\n\t\t\t\t<div class=\"elementor-element elementor-element-76b1802 elementor-widget elementor-widget-heading\" data-id=\"76b1802\" data-element_type=\"widget\" data-widget_type=\"heading.default\">\n\t\t\t\t<div class=\"elementor-widget-container\">\n\t\t\t<h4 class=\"elementor-heading-title elementor-size-default\"><a href=\"http:\/\/bip.asiis.edu.pl\/index.php\/2023\/01\/31\/linia-5-b\/\">Linia 5 B\nOgnica- Krajnik Dolny- Krajnik G\u00f3rny-Grabowo- Krzym\u00f3w Le\u015bnicz\u00f3wka*-Krzym\u00f3w- Chojna ul. \u017bwirki i Wigury-Chojna ul. Szkolna- Chojna ul. \u017b\u00f3\u0142kiewskiego - obowi\u0105zuje od 1 marca 2023 r.\n\n<\/a><\/h4>\t\t<\/div>\n\t\t\t\t<\/div>\n\t\t\t\t<div class=\"elementor-element elementor-element-cb0ea94 elementor-widget elementor-widget-heading\" data-id=\"cb0ea94\" data-element_type=\"widget\" data-widget_type=\"heading.default\">\n\t\t\t\t<div class=\"elementor-widget-container\">\n\t\t\t<h4 class=\"elementor-heading-title elementor-size-default\"><a href=\"http:\/\/bip.asiis.edu.pl\/index.php\/2021\/11\/16\/krajnik-dolny-krajnik-gorny-grabowo-krzymow-krzymow-skrzyzowanie-chojna-ul-szkolna-chojna-ul-zolkiewskiego-obowiazuje-od-02-11-2021-r\/\">Linia 6\nGraniczna- Lisie Pola Kolonia- Lisie Pole- Nawodna (szko\u0142a)- Nawodna (krzy\u017c\u00f3wka)- Bara- Chojna ul. Szkolna- Chojna \u017bwirki i Wigury- Chojna ul. \u017b\u00f3\u0142kiewskiego\n<\/a><\/h4>\t\t<\/div>\n\t\t\t\t<\/div>\n\t\t\t\t<div class=\"elementor-element elementor-element-50e6d12 elementor-widget elementor-widget-heading\" data-id=\"50e6d12\" data-element_type=\"widget\" data-widget_type=\"heading.default\">\n\t\t\t\t<div class=\"elementor-widget-container\">\n\t\t\t<h4 class=\"elementor-heading-title elementor-size-default\"><a href=\"http:\/\/bip.asiis.edu.pl\/index.php\/2021\/09\/05\/linia-7\/\">Linia 7\nKaliska- Chojna tj.: ul. S\u0142oneczna- ul. Ogrodowa- ul. Mieszka I- ul.  Szklona- ul. Odrza\u0144ska (rondo)- ul. Odrza\u0144ska (cmentarz)- ul. \u017bwirki i  Wigury-ul. \u017b\u00f3\u0142kiewskiego\n\n<\/a><\/h4>\t\t<\/div>\n\t\t\t\t<\/div>\n\t\t\t\t\t<\/div>\n\t\t<\/div>\n\t\t\t\t\t<\/div>\n\t\t<\/section>\n\t\t\t\t<\/div>\n\t\t","protected":false},"excerpt":{"rendered":"<p>Linia 1 Bia\u0142\u0119gi- Narost- Brwice- Czartoryja Osiedle- Czartoryja- Barnkowo- Chojna ul. \u017b\u00f3\u0142kiewskiego- Chojna ul. Szkolna Linia 2 Godk\u00f3w- Godk\u00f3w Osiedle- Jelenin- Chojna ul. Szkolna- Chojna ul. \u017bwirki i Wigury- Chojna ul. \u017b\u00f3\u0142kiewskiego Linia 3 \u0141aziszcze- M\u0119tno-M\u0119tno Le\u015bnicz\u00f3wka- Chojna ul. \u017bwirki i Wigury-Jelenin- Chojna ul. Szkolna- Chojna ul. \u017b\u00f3\u0142kiewskiego Linia 4 Rurka- Kamienny Jaz-Strzelczyn- Strzeszewko-Grzybno-Barnkowo- Chojna [&hellip;]<\/p>\n","protected":false},"author":1,"featured_media":0,"parent":0,"menu_order":0,"comment_status":"closed","ping_status":"closed","template":"","meta":{"footnotes":""},"class_list":["post-779","page","type-page","status-publish","hentry"],"_links":{"self":[{"href":"http:\/\/bip.asiis.edu.pl\/index.php?rest_route=\/wp\/v2\/pages\/779","targetHints":{"allow":["GET"]}}],"collection":[{"href":"http:\/\/bip.asiis.edu.pl\/index.php?rest_route=\/wp\/v2\/pages"}],"about":[{"href":"http:\/\/bip.asiis.edu.pl\/index.php?rest_route=\/wp\/v2\/types\/page"}],"author":[{"embeddable":true,"href":"http:\/\/bip.asiis.edu.pl\/index.php?rest_route=\/wp\/v2\/users\/1"}],"replies":[{"embeddable":true,"href":"http:\/\/bip.asiis.edu.pl\/index.php?rest_route=%2Fwp%2Fv2%2Fcomments&post=779"}],"version-history":[{"count":77,"href":"http:\/\/bip.asiis.edu.pl\/index.php?rest_route=\/wp\/v2\/pages\/779\/revisions"}],"predecessor-version":[{"id":1387,"href":"http:\/\/bip.asiis.edu.pl\/index.php?rest_route=\/wp\/v2\/pages\/779\/revisions\/1387"}],"wp:attachment":[{"href":"http:\/\/bip.asiis.edu.pl\/index.php?rest_route=%2Fwp%2Fv2%2Fmedia&parent=779"}],"curies":[{"name":"wp","href":"https:\/\/api.w.org\/{rel}","templated":true}]}}

Rozkłady Jazdy Autobusów od 1 stycznia do 31 grudnia 2023 roku

<div data-elementor-type="wp-page" data-elementor-id="779" class="elementor elementor-779" data-elementor-post-type="page">
						<section class="elementor-section elementor-top-section elementor-element elementor-element-dcacb70 elementor-section-boxed elementor-section-height-default elementor-section-height-default" data-id="dcacb70" data-element_type="section">
						<div class="elementor-container elementor-column-gap-default">
					<div class="elementor-column elementor-col-100 elementor-top-column elementor-element elementor-element-448d310" data-id="448d310" data-element_type="column">
			<div class="elementor-widget-wrap elementor-element-populated">
						<div class="elementor-element elementor-element-467171b elementor-widget elementor-widget-heading" data-id="467171b" data-element_type="widget" data-widget_type="heading.default">
				<div class="elementor-widget-container">
			<h4 class="elementor-heading-title elementor-size-default"><a href="http://bip.asiis.edu.pl/index.php/2021/09/05/linia-1/">Linia 1
Białęgi- Narost- Brwice- Czartoryja Osiedle- Czartoryja- Barnkowo- Chojna ul. Żółkiewskiego- Chojna ul. Szkolna 
</a></h4>		</div>
				</div>
				<div class="elementor-element elementor-element-0355688 elementor-widget elementor-widget-heading" data-id="0355688" data-element_type="widget" data-widget_type="heading.default">
				<div class="elementor-widget-container">
			<h4 class="elementor-heading-title elementor-size-default"><a href="http://bip.asiis.edu.pl/index.php/2021/09/05/linia-2/">Linia 2
Godków- Godków Osiedle- Jelenin- Chojna ul. Szkolna- Chojna ul. Żwirki i Wigury- Chojna ul. Żółkiewskiego
</a></h4>		</div>
				</div>
				<div class="elementor-element elementor-element-524e215 elementor-widget elementor-widget-heading" data-id="524e215" data-element_type="widget" data-widget_type="heading.default">
				<div class="elementor-widget-container">
			<h4 class="elementor-heading-title elementor-size-default"><a href="http://bip.asiis.edu.pl/index.php/2021/09/05/linia-3/">Linia 3
Łaziszcze- Mętno-Mętno Leśniczówka- Chojna ul. Żwirki i Wigury-Jelenin- Chojna ul. Szkolna- Chojna ul. Żółkiewskiego
</a></h4>		</div>
				</div>
				<div class="elementor-element elementor-element-f9c7059 elementor-widget elementor-widget-heading" data-id="f9c7059" data-element_type="widget" data-widget_type="heading.default">
				<div class="elementor-widget-container">
			<h4 class="elementor-heading-title elementor-size-default"><a href="http://bip.asiis.edu.pl/index.php/2021/09/05/linia-4/">Linia 4
Rurka- Kamienny Jaz-Strzelczyn- Strzeszewko-Grzybno-Barnkowo- Chojna ul.  Szkolna -Chojna ul.  Żwirki i Wigury- Chojna ul. Żółkiewskiego
</a></h4>		</div>
				</div>
				<div class="elementor-element elementor-element-b8be45c elementor-widget elementor-widget-heading" data-id="b8be45c" data-element_type="widget" data-widget_type="heading.default">
				<div class="elementor-widget-container">
			<h4 class="elementor-heading-title elementor-size-default"><a href="http://bip.asiis.edu.pl/index.php/2021/09/05/linia-5/">Linia 5
Zatoń Dolna- Ognica-Stoki – Krajnik Dolny- Krajnik Górny-Grabowo- Krzymów Leśniczówka*-Krzymów-Chojna ul. Szkolna- Chojna ul.  Żółkiewskiego - obowiązuje do 28.02.2023 r.
</a></h4>		</div>
				</div>
				<div class="elementor-element elementor-element-544e791 elementor-widget elementor-widget-heading" data-id="544e791" data-element_type="widget" data-widget_type="heading.default">
				<div class="elementor-widget-container">
			<h4 class="elementor-heading-title elementor-size-default"><a href="http://bip.asiis.edu.pl/index.php/2023/01/31/linia-5-azaton-dolna-stoki-krzymow-chojna-ul-zwirki-i-wigury-chojna-ul-szkolna-chojna-ul-zolkiewskiego-obowiazuje-od-1-03-2023-r/">Linia 5 A
Zatoń Dolna- Stoki- Krzymów- Chojna ul. Żwirki i Wigury- Chojna ul. Szkolna- Chojna ul. Żółkiewskiego - obowiązuje od 1.03.2023 r.
</a></h4>		</div>
				</div>
				<div class="elementor-element elementor-element-76b1802 elementor-widget elementor-widget-heading" data-id="76b1802" data-element_type="widget" data-widget_type="heading.default">
				<div class="elementor-widget-container">
			<h4 class="elementor-heading-title elementor-size-default"><a href="http://bip.asiis.edu.pl/index.php/2023/01/31/linia-5-b/">Linia 5 B
Ognica- Krajnik Dolny- Krajnik Górny-Grabowo- Krzymów Leśniczówka*-Krzymów- Chojna ul. Żwirki i Wigury-Chojna ul. Szkolna- Chojna ul. Żółkiewskiego - obowiązuje od 1 marca 2023 r.

</a></h4>		</div>
				</div>
				<div class="elementor-element elementor-element-cb0ea94 elementor-widget elementor-widget-heading" data-id="cb0ea94" data-element_type="widget" data-widget_type="heading.default">
				<div class="elementor-widget-container">
			<h4 class="elementor-heading-title elementor-size-default"><a href="http://bip.asiis.edu.pl/index.php/2021/11/16/krajnik-dolny-krajnik-gorny-grabowo-krzymow-krzymow-skrzyzowanie-chojna-ul-szkolna-chojna-ul-zolkiewskiego-obowiazuje-od-02-11-2021-r/">Linia 6
Graniczna- Lisie Pola Kolonia- Lisie Pole- Nawodna (szkoła)- Nawodna (krzyżówka)- Bara- Chojna ul. Szkolna- Chojna Żwirki i Wigury- Chojna ul. Żółkiewskiego
</a></h4>		</div>
				</div>
				<div class="elementor-element elementor-element-50e6d12 elementor-widget elementor-widget-heading" data-id="50e6d12" data-element_type="widget" data-widget_type="heading.default">
				<div class="elementor-widget-container">
			<h4 class="elementor-heading-title elementor-size-default"><a href="http://bip.asiis.edu.pl/index.php/2021/09/05/linia-7/">Linia 7
Kaliska- Chojna tj.: ul. Słoneczna- ul. Ogrodowa- ul. Mieszka I- ul.  Szklona- ul. Odrzańska (rondo)- ul. Odrzańska (cmentarz)- ul. Żwirki i  Wigury-ul. Żółkiewskiego

</a></h4>		</div>
				</div>
					</div>
		</div>
					</div>
		</section>
				</div>

<p>Linia 1 Białęgi- Narost- Brwice- Czartoryja Osiedle- Czartoryja- Barnkowo- Chojna ul. Żółkiewskiego- Chojna ul. Szkolna Linia 2 Godków- Godków Osiedle- Jelenin- Chojna ul. Szkolna- Chojna ul. Żwirki i Wigury- Chojna ul. Żółkiewskiego Linia 3 Łaziszcze- Mętno-Mętno Leśniczówka- Chojna ul. Żwirki i Wigury-Jelenin- Chojna ul. Szkolna- Chojna ul. Żółkiewskiego Linia 4 Rurka- Kamienny Jaz-Strzelczyn- Strzeszewko-Grzybno-Barnkowo- Chojna [&hellip;]</p>
