{"id":564,"date":"2021-03-23T12:30:24","date_gmt":"2021-03-23T11:30:24","guid":{"rendered":"http:\/\/bip.asiis.edu.pl\/?page_id=564"},"modified":"2021-03-23T12:34:16","modified_gmt":"2021-03-23T11:34:16","slug":"dyzur-wakacyjny-oddzialow-przedszkolnych-w-publicznych-szkolach-i-bajkowym-przedszkolu-miejskim-w-chojnie-2021","status":"publish","type":"page","link":"http:\/\/bip.asiis.edu.pl\/?page_id=564","title":{"rendered":"Dy\u017cur wakacyjny oddzia\u0142\u00f3w przedszkolnych w publicznych szko\u0142ach i Bajkowym Przedszkolu Miejskim w Chojnie 2021"},"content":{"rendered":"\n<p><strong>ZARZ\u0104DZENIA Nr 66\/2021<\/strong><\/p>\n\n\n\n<p><strong>BURMISTRZA GMINY CHOJNA<\/strong><\/p>\n\n\n\n<p><strong>z dnia 24 lutego 2021 r.<\/strong><\/p>\n\n\n\n<p><strong>w sprawie: zasad funkcjonowania dy\u017curu wakacyjnego dla oddzia\u0142\u00f3w przedszkolnych w&nbsp; publicznych szko\u0142ach i Bajkowego Przedszkola Miejskiego w Chojnie, dla kt\u00f3rych organem prowadz\u0105cym jest Gmina Chojna.<\/strong><\/p>\n\n\n\n<p>Na podstawie art. 30 ust. 1 ustawy z dnia 8 marca 1990r. o samorz\u0105dzie gminnym (Dz.&nbsp; U.&nbsp; z&nbsp;2020 r. poz. 713 ze zm.) oraz \u00a7 12 Rozporz\u0105dzenia Ministra Edukacji Narodowej z&nbsp;dnia 17 marca 2017r. w sprawie szczeg\u00f3\u0142owej organizacji publicznych szk\u00f3\u0142 i&nbsp;publicznych przedszkoli ( Dz. U. z 2017r. poz. 649 ze zm.) Burmistrz Gminy Chojna <strong>zarz\u0105dza, co&nbsp; nast\u0119puje:<\/strong><\/p>\n\n\n\n<p><strong>\u00a7 1. <\/strong>W czasie przerwy wakacyjnej opieka nad dzie\u0107mi odbywa\u0107 si\u0119 b\u0119dzie w terminach wskazanych w za\u0142\u0105czniku nr 1 do niniejszego zarz\u0105dzenia.<strong><\/strong><\/p>\n\n\n\n<p><strong>\u00a7 2. <\/strong>Wprowadza si\u0119 \u201eZasady organizacji dy\u017curu wakacyjnego dla oddzia\u0142\u00f3w przedszkolnych w publicznych szko\u0142ach i Bajkowego Przedszkola Miejskiego w Chojnie\u201d, zgodnie z&nbsp; za\u0142\u0105cznikiem nr 2.<\/p>\n\n\n\n<p><strong>\u00a7 3. <\/strong>Informacje dotycz\u0105ce wykazu dy\u017curu wakacyjnego s\u0105 zgodne z za\u0142\u0105cznikiem nr 1 oraz zasady ich funkcjonowania b\u0119d\u0105 zamieszczane rokrocznie do dnia 31 marca danego roku, na&nbsp; stronie internetowej <a href=\"http:\/\/www.chojna.pl\">www.chojna.pl<\/a>, tablicy og\u0142osze\u0144 w Urz\u0119dzie Miejskim w&nbsp; Chojnie oraz na stronach internetowych i tablicach og\u0142osze\u0144 w&nbsp;szko\u0142ach i&nbsp;Bajkowym Przedszkolu Miejskim w&nbsp; Chojnie oraz na stronie Biuletynu Informacji Publicznej Administracji Szk\u00f3\u0142 i Infrastruktury Spo\u0142ecznej w Chojnie <a href=\"http:\/\/www.bip.asiis.edu.pl\">www.bip.asiis.edu.pl<\/a><\/p>\n\n\n\n<p><strong>\u00a7 4.<\/strong> Wz\u00f3r wniosku o przyj\u0119cie dziecka na dy\u017cur wakacyjny jest zgodny z&nbsp;za\u0142\u0105cznikiem nr 3 do&nbsp; zarz\u0105dzenia.<\/p>\n\n\n\n<p><strong>\u00a7 5.<\/strong> Nadz\u00f3r nad wykonaniem zarz\u0105dzenia powierza si\u0119 dyrektorowi Administracji Szk\u00f3\u0142 i&nbsp;Infrastruktury Spo\u0142ecznej w Chojnie, dyrektorom publicznych szk\u00f3\u0142 i dyrektorowi Bajkowego Przedszkola Miejskiego w Chojnie, dla kt\u00f3rych organem prowadz\u0105cym jest Gmina Chojna.<\/p>\n\n\n\n<p><strong>\u00a7 6. <\/strong>Traci moc Zarz\u0105dzenie Nr 397\/2020 Burmistrza Gminy Chojna z dnia 12 lutego 2020 r. w&nbsp; sprawie: zasad funkcjonowania dy\u017curu wakacyjnego dla oddzia\u0142\u00f3w przedszkolnych w&nbsp; publicznych szko\u0142ach i Bajkowego Przedszkola Miejskiego w Chojnie, dla kt\u00f3rych organem prowadz\u0105cym jest Gmina Chojna.<strong><\/strong><\/p>\n\n\n\n<p><strong>\u00a7 7. <\/strong>Zarz\u0105dzenie wchodzi w \u017cycie z dniem podj\u0119cia.<\/p>\n\n\n\n<p><strong>BURMISTRZ<\/strong><\/p>\n\n\n\n<p><strong>mgr Barbara Rawecka<\/strong><\/p>\n\n\n\n<div class=\"wp-block-file\"><a href=\"http:\/\/bip.asiis.edu.pl\/wp-content\/uploads\/2021\/03\/ZARZADZENIE-dyzur-wakacyjny-2021.docx\">ZARZADZENIE-dyzur-wakacyjny-2021<\/a><a href=\"http:\/\/bip.asiis.edu.pl\/wp-content\/uploads\/2021\/03\/ZARZADZENIE-dyzur-wakacyjny-2021.docx\" class=\"wp-block-file__button\" download>Pobierz<\/a><\/div>\n\n\n\n<div class=\"wp-block-file\"><a href=\"http:\/\/bip.asiis.edu.pl\/wp-content\/uploads\/2021\/03\/WNIOSEK.docx\">WNIOSEK<\/a><a href=\"http:\/\/bip.asiis.edu.pl\/wp-content\/uploads\/2021\/03\/WNIOSEK.docx\" class=\"wp-block-file__button\" download>Pobierz<\/a><\/div>\n","protected":false},"excerpt":{"rendered":"<p>ZARZ\u0104DZENIA Nr 66\/2021 BURMISTRZA GMINY CHOJNA z dnia 24 lutego 2021 r. w sprawie: zasad funkcjonowania dy\u017curu wakacyjnego dla oddzia\u0142\u00f3w przedszkolnych w&nbsp; publicznych szko\u0142ach i Bajkowego Przedszkola Miejskiego w Chojnie, dla kt\u00f3rych organem prowadz\u0105cym jest Gmina Chojna. Na podstawie art. 30 ust. 1 ustawy z dnia 8 marca 1990r. o samorz\u0105dzie gminnym (Dz.&nbsp; U.&nbsp; z&nbsp;2020 [&hellip;]<\/p>\n","protected":false},"author":1,"featured_media":0,"parent":0,"menu_order":0,"comment_status":"closed","ping_status":"closed","template":"","meta":{"footnotes":""},"class_list":["post-564","page","type-page","status-publish","hentry"],"_links":{"self":[{"href":"http:\/\/bip.asiis.edu.pl\/index.php?rest_route=\/wp\/v2\/pages\/564","targetHints":{"allow":["GET"]}}],"collection":[{"href":"http:\/\/bip.asiis.edu.pl\/index.php?rest_route=\/wp\/v2\/pages"}],"about":[{"href":"http:\/\/bip.asiis.edu.pl\/index.php?rest_route=\/wp\/v2\/types\/page"}],"author":[{"embeddable":true,"href":"http:\/\/bip.asiis.edu.pl\/index.php?rest_route=\/wp\/v2\/users\/1"}],"replies":[{"embeddable":true,"href":"http:\/\/bip.asiis.edu.pl\/index.php?rest_route=%2Fwp%2Fv2%2Fcomments&post=564"}],"version-history":[{"count":3,"href":"http:\/\/bip.asiis.edu.pl\/index.php?rest_route=\/wp\/v2\/pages\/564\/revisions"}],"predecessor-version":[{"id":571,"href":"http:\/\/bip.asiis.edu.pl\/index.php?rest_route=\/wp\/v2\/pages\/564\/revisions\/571"}],"wp:attachment":[{"href":"http:\/\/bip.asiis.edu.pl\/index.php?rest_route=%2Fwp%2Fv2%2Fmedia&parent=564"}],"curies":[{"name":"wp","href":"https:\/\/api.w.org\/{rel}","templated":true}]}}

Dyżur wakacyjny oddziałów przedszkolnych w publicznych szkołach i Bajkowym Przedszkolu Miejskim w Chojnie 2021

<p><strong>ZARZĄDZENIA Nr 66/2021</strong></p>



<p><strong>BURMISTRZA GMINY CHOJNA</strong></p>



<p><strong>z dnia 24 lutego 2021 r.</strong></p>



<p><strong>w sprawie: zasad funkcjonowania dyżuru wakacyjnego dla oddziałów przedszkolnych w&nbsp; publicznych szkołach i Bajkowego Przedszkola Miejskiego w Chojnie, dla których organem prowadzącym jest Gmina Chojna.</strong></p>



<p>Na podstawie art. 30 ust. 1 ustawy z dnia 8 marca 1990r. o samorządzie gminnym (Dz.&nbsp; U.&nbsp; z&nbsp;2020 r. poz. 713 ze zm.) oraz § 12 Rozporządzenia Ministra Edukacji Narodowej z&nbsp;dnia 17 marca 2017r. w sprawie szczegółowej organizacji publicznych szkół i&nbsp;publicznych przedszkoli ( Dz. U. z 2017r. poz. 649 ze zm.) Burmistrz Gminy Chojna <strong>zarządza, co&nbsp; następuje:</strong></p>



<p><strong>§ 1. </strong>W czasie przerwy wakacyjnej opieka nad dziećmi odbywać się będzie w terminach wskazanych w załączniku nr 1 do niniejszego zarządzenia.<strong></strong></p>



<p><strong>§ 2. </strong>Wprowadza się „Zasady organizacji dyżuru wakacyjnego dla oddziałów przedszkolnych w publicznych szkołach i Bajkowego Przedszkola Miejskiego w Chojnie”, zgodnie z&nbsp; załącznikiem nr 2.</p>



<p><strong>§ 3. </strong>Informacje dotyczące wykazu dyżuru wakacyjnego są zgodne z załącznikiem nr 1 oraz zasady ich funkcjonowania będą zamieszczane rokrocznie do dnia 31 marca danego roku, na&nbsp; stronie internetowej <a href="http://www.chojna.pl">www.chojna.pl</a>, tablicy ogłoszeń w Urzędzie Miejskim w&nbsp; Chojnie oraz na stronach internetowych i tablicach ogłoszeń w&nbsp;szkołach i&nbsp;Bajkowym Przedszkolu Miejskim w&nbsp; Chojnie oraz na stronie Biuletynu Informacji Publicznej Administracji Szkół i Infrastruktury Społecznej w Chojnie <a href="http://www.bip.asiis.edu.pl">www.bip.asiis.edu.pl</a></p>



<p><strong>§ 4.</strong> Wzór wniosku o przyjęcie dziecka na dyżur wakacyjny jest zgodny z&nbsp;załącznikiem nr 3 do&nbsp; zarządzenia.</p>



<p><strong>§ 5.</strong> Nadzór nad wykonaniem zarządzenia powierza się dyrektorowi Administracji Szkół i&nbsp;Infrastruktury Społecznej w Chojnie, dyrektorom publicznych szkół i dyrektorowi Bajkowego Przedszkola Miejskiego w Chojnie, dla których organem prowadzącym jest Gmina Chojna.</p>



<p><strong>§ 6. </strong>Traci moc Zarządzenie Nr 397/2020 Burmistrza Gminy Chojna z dnia 12 lutego 2020 r. w&nbsp; sprawie: zasad funkcjonowania dyżuru wakacyjnego dla oddziałów przedszkolnych w&nbsp; publicznych szkołach i Bajkowego Przedszkola Miejskiego w Chojnie, dla których organem prowadzącym jest Gmina Chojna.<strong></strong></p>



<p><strong>§ 7. </strong>Zarządzenie wchodzi w życie z dniem podjęcia.</p>



<p><strong>BURMISTRZ</strong></p>



<p><strong>mgr Barbara Rawecka</strong></p>



<div class="wp-block-file"><a href="http://bip.asiis.edu.pl/wp-content/uploads/2021/03/ZARZADZENIE-dyzur-wakacyjny-2021.docx">ZARZADZENIE-dyzur-wakacyjny-2021</a><a href="http://bip.asiis.edu.pl/wp-content/uploads/2021/03/ZARZADZENIE-dyzur-wakacyjny-2021.docx" class="wp-block-file__button" download>Pobierz</a></div>



<div class="wp-block-file"><a href="http://bip.asiis.edu.pl/wp-content/uploads/2021/03/WNIOSEK.docx">WNIOSEK</a><a href="http://bip.asiis.edu.pl/wp-content/uploads/2021/03/WNIOSEK.docx" class="wp-block-file__button" download>Pobierz</a></div>

<p>ZARZĄDZENIA Nr 66/2021 BURMISTRZA GMINY CHOJNA z dnia 24 lutego 2021 r. w sprawie: zasad funkcjonowania dyżuru wakacyjnego dla oddziałów przedszkolnych w&nbsp; publicznych szkołach i Bajkowego Przedszkola Miejskiego w Chojnie, dla których organem prowadzącym jest Gmina Chojna. Na podstawie art. 30 ust. 1 ustawy z dnia 8 marca 1990r. o samorządzie gminnym (Dz.&nbsp; U.&nbsp; z&nbsp;2020 [&hellip;]</p>
