{"id":24,"date":"2019-10-30T22:11:13","date_gmt":"2019-10-30T21:11:13","guid":{"rendered":"http:\/\/bip.asiis.edu.pl\/?page_id=24"},"modified":"2023-04-28T09:04:07","modified_gmt":"2023-04-28T07:04:07","slug":"dane-osobowe","status":"publish","type":"page","link":"http:\/\/bip.asiis.edu.pl\/?page_id=24","title":{"rendered":"Dane osobowe"},"content":{"rendered":"\t\t<div data-elementor-type=\"wp-page\" data-elementor-id=\"24\" class=\"elementor elementor-24\" data-elementor-post-type=\"page\">\n\t\t\t\t\t\t<section class=\"elementor-section elementor-top-section elementor-element elementor-element-6f1458ac elementor-section-boxed elementor-section-height-default elementor-section-height-default\" data-id=\"6f1458ac\" data-element_type=\"section\">\n\t\t\t\t\t\t<div class=\"elementor-container elementor-column-gap-default\">\n\t\t\t\t\t<div class=\"elementor-column elementor-col-100 elementor-top-column elementor-element elementor-element-4fdcf4a3\" data-id=\"4fdcf4a3\" data-element_type=\"column\">\n\t\t\t<div class=\"elementor-widget-wrap elementor-element-populated\">\n\t\t\t\t\t\t<div class=\"elementor-element elementor-element-d4d1eb6 elementor-widget elementor-widget-text-editor\" data-id=\"d4d1eb6\" data-element_type=\"widget\" data-widget_type=\"text-editor.default\">\n\t\t\t\t<div class=\"elementor-widget-container\">\n\t\t\t\t\t\t\t<h2><strong>Klauzula informacyjna administratora<\/strong><\/h2><p><strong>w zwi\u0105zku z przetwarzaniem danych osobowych osoby, kt\u00f3rej dane dotycz\u0105<\/strong><\/p><p>W zwi\u0105zku z realizacj\u0105 zada\u0144 przez Administracj\u0119 Szk\u00f3\u0142 i Infrastruktury Spo\u0142ecznej w Chojnie, na podstawie art. 13 Rozporz\u0105dzenia Parlamentu Europejskiego i Rady (UE) 2016\/679 z dnia 27 kwietnia 2016 r. w sprawie ochrony os\u00f3b fizycznych w zwi\u0105zku z przetwarzaniem danych osobowych i w sprawie swobodnego przep\u0142ywu takich danych oraz uchylenia dyrektywy 95\/46\/WE (og\u00f3lne rozporz\u0105dzenie o ochronie danych) (Dz. U.UE. z 2016 r., L 119, poz. 1), Administracja Szk\u00f3\u0142 i Infrastruktury Spo\u0142ecznej w Chojnie, reprezentowana przez Dyrektora ASiIS informuje, i\u017c przys\u0142uguj\u0105 Pa\u0144stwu okre\u015blone poni\u017cej prawa zwi\u0105zane z przetwarzaniem Pa\u0144stwa danych osobowych przez Administracj\u0119 Szk\u00f3\u0142 i Infrastruktury Spo\u0142ecznej w Chojnie.<\/p><p>Jednocze\u015bnie na podstawie art. 13 Rozporz\u0105dzenia 2016\/679 informujemy, i\u017c od dnia 25 maja 2018 r. aktualne b\u0119d\u0105 poni\u017csze informacje i zasady zwi\u0105zane z przetwarzaniem\u00a0danych osobowych przez Administracj\u0119 Szk\u00f3\u0142 i Infrastruktury Spo\u0142ecznej w Chojnie:<\/p><ol><li>Administratorem Pa\u0144stwa danych osobowych jest Administracja Szk\u00f3\u0142 <br \/>i Infrastruktury Spo\u0142ecznej w Chojnie,\u00a0ul. Jagiello\u0144ska 12, 74-500 Chojna, email: asiis@chojna.pl.<\/li><li>Administrator wyznaczy\u0142 inspektora ochrony danych, z kt\u00f3rym mo\u017cna skontaktowa\u0107 si\u0119 poprzez e-mail\u00a0<strong>iod@chojna.pl<\/strong>\u00a0w ka\u017cdej sprawie dotycz\u0105cej przetwarzania Pa\u0144stwa danych osobowych.<\/li><li>Pa\u0144stwa\u00a0 dane osobowe s\u0105 zbierane i przetwarzane w celu wykonywania przez Administracj\u0119 Szk\u00f3\u0142 i Infrastruktury Spo\u0142ecznej w Chojnie ustawowych zada\u0144 publicznych, okre\u015blonych min. w ustawie z dnia 8 marca 1990 r. o samorz\u0105dzie gminnym oraz w innych regulacjach. Szczeg\u00f3\u0142owych informacji mo\u017cecie Pa\u0144stwo\u00a0uzyska\u0107 u pracownika merytorycznego, zajmuj\u0105cego si\u0119 dan\u0105 spraw\u0105.<\/li><li>Pa\u0144stwa dane osobowe (np. Imi\u0119, Nazwisko, Nr PESEL) zosta\u0142 pozyskany z rejestr\u00f3w pa\u0144stwowych, innych instytucji, lub zosta\u0142y przez Pa\u0144stwa podane dobrowolnie w celu przeprowadzenia przez Administracj\u0119 Szk\u00f3\u0142 i Infrastruktury Spo\u0142ecznej w Chojnie post\u0119powania administracyjnego. Szczeg\u00f3\u0142owych informacji mo\u017cecie Pa\u0144stwo\u00a0uzyska\u0107 u pracownika merytorycznego, zajmuj\u0105cego si\u0119 dan\u0105 spraw\u0105.<\/li><li>Pozyskane od Pa\u0144stwa dane osobowe nie b\u0119d\u0105 udost\u0119pniane podmiotom innym, ni\u017c upowa\u017cnione na podstawie przepis\u00f3w prawa. Szczeg\u00f3\u0142owych informacji mo\u017cecie Pa\u0144stwa uzyska\u0107 u pracownika merytorycznego, zajmuj\u0105cego si\u0119 dan\u0105 spraw\u0105.<\/li><li>Dane osobowe od momentu pozyskania b\u0119d\u0105 przechowywane przez okres wynikaj\u0105cy z regulacji prawnych (kategorii archiwalnej dokumentacji, okre\u015blonej w jednolitym rzeczowym wykazie akt; umowy o dofinansowanie zawartej mi\u0119dzy beneficjentem <br \/>a okre\u015blon\u0105 instytucj\u0105; trwa\u0142o\u015bci danego projektu i konieczno\u015bci zachowania dokumentacji projektu do cel\u00f3w kontrolnych itp.). Kryteria okresu przechowywania ustala si\u0119 w oparciu o klasyfikacj\u0119 i kwalifikacj\u0119 dokumentacji w jednolitym rzeczowym wykazie akt.<\/li><li>Przys\u0142uguje Pa\u0144stwu\u00a0prawo dost\u0119pu do tre\u015bci danych oraz \u017c\u0105dania ich sprostowania, usuni\u0119cia, ograniczenia przetwarzania, prawo do przenoszenia danych oraz prawo wniesienia sprzeciwu wzgl\u0119dem przetwarzania danych.<\/li><li>Przys\u0142uguje Pa\u0144stwu\u00a0tak\u017ce prawo wniesienia skargi do organu nadzorczego zajmuj\u0105cego si\u0119\u00a0ochron\u0105 danych osobowych, gdy uznaj\u0105 Pa\u0144stwo, \u017ce przetwarzanie danych osobowych narusza przepisy Rozporz\u0105dzenia 2016\/679.<\/li><li>Pa\u0144stwa\u00a0dane osobowe nie b\u0119d\u0105 podlega\u0142y profilowaniu.<\/li><li>Administrator danych nie ma zamiaru przekazywa\u0107 danych osobowych do pa\u0144stwa trzeciego lub organizacji mi\u0119dzynarodowej.<\/li><li>W wi\u0119kszo\u015bci przypadk\u00f3w przetwarzanie danych osobowych wynika z przepis\u00f3w prawa, a ich podawanie przez Pa\u0144stwa jest obowi\u0105zkowe. W niekt\u00f3rych sprawach podawanie danych osobowych mo\u017ce by\u0107 dobrowolne, lecz niezb\u0119dne do realizacji cel\u00f3w, o kt\u00f3rych mowa w ust. 3. W sytuacji dobrowolno\u015bci podawania danych osobowych zostaniecie\u00a0Pa\u0144stwo\u00a0o tym fakcie poinformowany przez pracownika merytorycznego, zajmuj\u0105cego si\u0119 dan\u0105 spraw\u0105. Niepodanie lub podanie niepe\u0142nych danych osobowych mo\u017ce skutkowa\u0107 pozostawieniem sprawy\u00a0 bez rozpatrzenia.<\/li><\/ol>\t\t\t\t\t\t<\/div>\n\t\t\t\t<\/div>\n\t\t\t\t\t<\/div>\n\t\t<\/div>\n\t\t\t\t\t<\/div>\n\t\t<\/section>\n\t\t\t\t<\/div>\n\t\t","protected":false},"excerpt":{"rendered":"<p>Klauzula informacyjna administratora w zwi\u0105zku z przetwarzaniem danych osobowych osoby, kt\u00f3rej dane dotycz\u0105 W zwi\u0105zku z realizacj\u0105 zada\u0144 przez Administracj\u0119 Szk\u00f3\u0142 i Infrastruktury Spo\u0142ecznej w Chojnie, na podstawie art. 13 Rozporz\u0105dzenia Parlamentu Europejskiego i Rady (UE) 2016\/679 z dnia 27 kwietnia 2016 r. w sprawie ochrony os\u00f3b fizycznych w zwi\u0105zku z przetwarzaniem danych osobowych i [&hellip;]<\/p>\n","protected":false},"author":1,"featured_media":0,"parent":0,"menu_order":0,"comment_status":"closed","ping_status":"closed","template":"","meta":{"footnotes":""},"class_list":["post-24","page","type-page","status-publish","hentry"],"_links":{"self":[{"href":"http:\/\/bip.asiis.edu.pl\/index.php?rest_route=\/wp\/v2\/pages\/24","targetHints":{"allow":["GET"]}}],"collection":[{"href":"http:\/\/bip.asiis.edu.pl\/index.php?rest_route=\/wp\/v2\/pages"}],"about":[{"href":"http:\/\/bip.asiis.edu.pl\/index.php?rest_route=\/wp\/v2\/types\/page"}],"author":[{"embeddable":true,"href":"http:\/\/bip.asiis.edu.pl\/index.php?rest_route=\/wp\/v2\/users\/1"}],"replies":[{"embeddable":true,"href":"http:\/\/bip.asiis.edu.pl\/index.php?rest_route=%2Fwp%2Fv2%2Fcomments&post=24"}],"version-history":[{"count":11,"href":"http:\/\/bip.asiis.edu.pl\/index.php?rest_route=\/wp\/v2\/pages\/24\/revisions"}],"predecessor-version":[{"id":1829,"href":"http:\/\/bip.asiis.edu.pl\/index.php?rest_route=\/wp\/v2\/pages\/24\/revisions\/1829"}],"wp:attachment":[{"href":"http:\/\/bip.asiis.edu.pl\/index.php?rest_route=%2Fwp%2Fv2%2Fmedia&parent=24"}],"curies":[{"name":"wp","href":"https:\/\/api.w.org\/{rel}","templated":true}]}}

<div data-elementor-type="wp-page" data-elementor-id="24" class="elementor elementor-24" data-elementor-post-type="page">
						<section class="elementor-section elementor-top-section elementor-element elementor-element-6f1458ac elementor-section-boxed elementor-section-height-default elementor-section-height-default" data-id="6f1458ac" data-element_type="section">
						<div class="elementor-container elementor-column-gap-default">
					<div class="elementor-column elementor-col-100 elementor-top-column elementor-element elementor-element-4fdcf4a3" data-id="4fdcf4a3" data-element_type="column">
			<div class="elementor-widget-wrap elementor-element-populated">
						<div class="elementor-element elementor-element-d4d1eb6 elementor-widget elementor-widget-text-editor" data-id="d4d1eb6" data-element_type="widget" data-widget_type="text-editor.default">
				<div class="elementor-widget-container">
							<h2><strong>Klauzula informacyjna administratora</strong></h2><p><strong>w związku z przetwarzaniem danych osobowych osoby, której dane dotyczą</strong></p><p>W związku z realizacją zadań przez Administrację Szkół i Infrastruktury Społecznej w Chojnie, na podstawie art. 13 Rozporządzenia Parlamentu Europejskiego i Rady (UE) 2016/679 z dnia 27 kwietnia 2016 r. w sprawie ochrony osób fizycznych w związku z przetwarzaniem danych osobowych i w sprawie swobodnego przepływu takich danych oraz uchylenia dyrektywy 95/46/WE (ogólne rozporządzenie o ochronie danych) (Dz. U.UE. z 2016 r., L 119, poz. 1), Administracja Szkół i Infrastruktury Społecznej w Chojnie, reprezentowana przez Dyrektora ASiIS informuje, iż przysługują Państwu określone poniżej prawa związane z przetwarzaniem Państwa danych osobowych przez Administrację Szkół i Infrastruktury Społecznej w Chojnie.</p><p>Jednocześnie na podstawie art. 13 Rozporządzenia 2016/679 informujemy, iż od dnia 25 maja 2018 r. aktualne będą poniższe informacje i zasady związane z przetwarzaniem danych osobowych przez Administrację Szkół i Infrastruktury Społecznej w Chojnie:</p><ol><li>Administratorem Państwa danych osobowych jest Administracja Szkół <br />i Infrastruktury Społecznej w Chojnie, ul. Jagiellońska 12, 74-500 Chojna, email: asiis@chojna.pl.</li><li>Administrator wyznaczył inspektora ochrony danych, z którym można skontaktować się poprzez e-mail <strong>iod@chojna.pl</strong> w każdej sprawie dotyczącej przetwarzania Państwa danych osobowych.</li><li>Państwa  dane osobowe są zbierane i przetwarzane w celu wykonywania przez Administrację Szkół i Infrastruktury Społecznej w Chojnie ustawowych zadań publicznych, określonych min. w ustawie z dnia 8 marca 1990 r. o samorządzie gminnym oraz w innych regulacjach. Szczegółowych informacji możecie Państwo uzyskać u pracownika merytorycznego, zajmującego się daną sprawą.</li><li>Państwa dane osobowe (np. Imię, Nazwisko, Nr PESEL) został pozyskany z rejestrów państwowych, innych instytucji, lub zostały przez Państwa podane dobrowolnie w celu przeprowadzenia przez Administrację Szkół i Infrastruktury Społecznej w Chojnie postępowania administracyjnego. Szczegółowych informacji możecie Państwo uzyskać u pracownika merytorycznego, zajmującego się daną sprawą.</li><li>Pozyskane od Państwa dane osobowe nie będą udostępniane podmiotom innym, niż upoważnione na podstawie przepisów prawa. Szczegółowych informacji możecie Państwa uzyskać u pracownika merytorycznego, zajmującego się daną sprawą.</li><li>Dane osobowe od momentu pozyskania będą przechowywane przez okres wynikający z regulacji prawnych (kategorii archiwalnej dokumentacji, określonej w jednolitym rzeczowym wykazie akt; umowy o dofinansowanie zawartej między beneficjentem <br />a określoną instytucją; trwałości danego projektu i konieczności zachowania dokumentacji projektu do celów kontrolnych itp.). Kryteria okresu przechowywania ustala się w oparciu o klasyfikację i kwalifikację dokumentacji w jednolitym rzeczowym wykazie akt.</li><li>Przysługuje Państwu prawo dostępu do treści danych oraz żądania ich sprostowania, usunięcia, ograniczenia przetwarzania, prawo do przenoszenia danych oraz prawo wniesienia sprzeciwu względem przetwarzania danych.</li><li>Przysługuje Państwu także prawo wniesienia skargi do organu nadzorczego zajmującego się ochroną danych osobowych, gdy uznają Państwo, że przetwarzanie danych osobowych narusza przepisy Rozporządzenia 2016/679.</li><li>Państwa dane osobowe nie będą podlegały profilowaniu.</li><li>Administrator danych nie ma zamiaru przekazywać danych osobowych do państwa trzeciego lub organizacji międzynarodowej.</li><li>W większości przypadków przetwarzanie danych osobowych wynika z przepisów prawa, a ich podawanie przez Państwa jest obowiązkowe. W niektórych sprawach podawanie danych osobowych może być dobrowolne, lecz niezbędne do realizacji celów, o których mowa w ust. 3. W sytuacji dobrowolności podawania danych osobowych zostaniecie Państwo o tym fakcie poinformowany przez pracownika merytorycznego, zajmującego się daną sprawą. Niepodanie lub podanie niepełnych danych osobowych może skutkować pozostawieniem sprawy  bez rozpatrzenia.</li></ol>						</div>
				</div>
					</div>
		</div>
					</div>
		</section>
				</div>

<p>Klauzula informacyjna administratora w związku z przetwarzaniem danych osobowych osoby, której dane dotyczą W związku z realizacją zadań przez Administrację Szkół i Infrastruktury Społecznej w Chojnie, na podstawie art. 13 Rozporządzenia Parlamentu Europejskiego i Rady (UE) 2016/679 z dnia 27 kwietnia 2016 r. w sprawie ochrony osób fizycznych w związku z przetwarzaniem danych osobowych i [&hellip;]</p>
