{"id":1285,"date":"2023-01-13T13:54:18","date_gmt":"2023-01-13T12:54:18","guid":{"rendered":"http:\/\/bip.asiis.edu.pl\/?page_id=1285"},"modified":"2023-01-13T15:18:10","modified_gmt":"2023-01-13T14:18:10","slug":"sprawozdania-szkol-podstawowych","status":"publish","type":"page","link":"http:\/\/bip.asiis.edu.pl\/?page_id=1285","title":{"rendered":"Sprawozdania szk\u00f3\u0142 podstawowych i przedszkola"},"content":{"rendered":"\t\t<div data-elementor-type=\"wp-page\" data-elementor-id=\"1285\" class=\"elementor elementor-1285\" data-elementor-post-type=\"page\">\n\t\t\t\t\t\t<section class=\"elementor-section elementor-top-section elementor-element elementor-element-4928dd7 elementor-section-boxed elementor-section-height-default elementor-section-height-default\" data-id=\"4928dd7\" data-element_type=\"section\">\n\t\t\t\t\t\t<div class=\"elementor-container elementor-column-gap-default\">\n\t\t\t\t\t<div class=\"elementor-column elementor-col-100 elementor-top-column elementor-element elementor-element-1ef92cb\" data-id=\"1ef92cb\" data-element_type=\"column\">\n\t\t\t<div class=\"elementor-widget-wrap elementor-element-populated\">\n\t\t\t\t\t\t<div class=\"elementor-element elementor-element-dc23fd7 elementor-widget elementor-widget-button\" data-id=\"dc23fd7\" data-element_type=\"widget\" data-widget_type=\"button.default\">\n\t\t\t\t<div class=\"elementor-widget-container\">\n\t\t\t\t\t<div class=\"elementor-button-wrapper\">\n\t\t\t<a class=\"elementor-button elementor-button-link elementor-size-sm\" href=\"http:\/\/bip.asiis.edu.pl\/index.php\/2021\/04\/27\/sprawozdanie-2019-szkola-podstawowa-w-grzybnie\/\">\n\t\t\t\t\t\t<span class=\"elementor-button-content-wrapper\">\n\t\t\t\t\t\t\t\t\t<span class=\"elementor-button-text\">Szko\u0142a Podstawowa w Grzybnie<\/span>\n\t\t\t\t\t<\/span>\n\t\t\t\t\t<\/a>\n\t\t<\/div>\n\t\t\t\t<\/div>\n\t\t\t\t<\/div>\n\t\t\t\t\t<\/div>\n\t\t<\/div>\n\t\t\t\t\t<\/div>\n\t\t<\/section>\n\t\t\t\t<section class=\"elementor-section elementor-top-section elementor-element elementor-element-89c06b8 elementor-section-boxed elementor-section-height-default elementor-section-height-default\" data-id=\"89c06b8\" data-element_type=\"section\">\n\t\t\t\t\t\t<div class=\"elementor-container elementor-column-gap-default\">\n\t\t\t\t\t<div class=\"elementor-column elementor-col-100 elementor-top-column elementor-element elementor-element-ea3280d\" data-id=\"ea3280d\" data-element_type=\"column\">\n\t\t\t<div class=\"elementor-widget-wrap elementor-element-populated\">\n\t\t\t\t\t\t<div class=\"elementor-element elementor-element-127fa57 elementor-widget elementor-widget-button\" data-id=\"127fa57\" data-element_type=\"widget\" data-widget_type=\"button.default\">\n\t\t\t\t<div class=\"elementor-widget-container\">\n\t\t\t\t\t<div class=\"elementor-button-wrapper\">\n\t\t\t<a class=\"elementor-button elementor-button-link elementor-size-sm\" href=\"http:\/\/bip.asiis.edu.pl\/index.php\/2021\/04\/27\/sprawozdanie-2019-szkola-podstawowa-w-brwicach\/\">\n\t\t\t\t\t\t<span class=\"elementor-button-content-wrapper\">\n\t\t\t\t\t\t\t\t\t<span class=\"elementor-button-text\">Szko\u0142a Podstawowa w Brwicach<\/span>\n\t\t\t\t\t<\/span>\n\t\t\t\t\t<\/a>\n\t\t<\/div>\n\t\t\t\t<\/div>\n\t\t\t\t<\/div>\n\t\t\t\t\t<\/div>\n\t\t<\/div>\n\t\t\t\t\t<\/div>\n\t\t<\/section>\n\t\t\t\t<section class=\"elementor-section elementor-top-section elementor-element elementor-element-38b4766 elementor-section-boxed elementor-section-height-default elementor-section-height-default\" data-id=\"38b4766\" data-element_type=\"section\">\n\t\t\t\t\t\t<div class=\"elementor-container elementor-column-gap-default\">\n\t\t\t\t\t<div class=\"elementor-column elementor-col-100 elementor-top-column elementor-element elementor-element-e8ff2db\" data-id=\"e8ff2db\" data-element_type=\"column\">\n\t\t\t<div class=\"elementor-widget-wrap elementor-element-populated\">\n\t\t\t\t\t\t<div class=\"elementor-element elementor-element-81d48d3 elementor-widget elementor-widget-button\" data-id=\"81d48d3\" data-element_type=\"widget\" data-widget_type=\"button.default\">\n\t\t\t\t<div class=\"elementor-widget-container\">\n\t\t\t\t\t<div class=\"elementor-button-wrapper\">\n\t\t\t<a class=\"elementor-button elementor-button-link elementor-size-sm\" href=\"http:\/\/bip.asiis.edu.pl\/index.php\/2021\/04\/27\/sprawozdanie-2019-szkola-podstawowa-w-krzymowie\/\">\n\t\t\t\t\t\t<span class=\"elementor-button-content-wrapper\">\n\t\t\t\t\t\t\t\t\t<span class=\"elementor-button-text\">Szko\u0142a Podstawowa w Krzymowie<\/span>\n\t\t\t\t\t<\/span>\n\t\t\t\t\t<\/a>\n\t\t<\/div>\n\t\t\t\t<\/div>\n\t\t\t\t<\/div>\n\t\t\t\t\t<\/div>\n\t\t<\/div>\n\t\t\t\t\t<\/div>\n\t\t<\/section>\n\t\t\t\t<section class=\"elementor-section elementor-top-section elementor-element elementor-element-76c8943 elementor-section-boxed elementor-section-height-default elementor-section-height-default\" data-id=\"76c8943\" data-element_type=\"section\">\n\t\t\t\t\t\t<div class=\"elementor-container elementor-column-gap-default\">\n\t\t\t\t\t<div class=\"elementor-column elementor-col-100 elementor-top-column elementor-element elementor-element-5768003\" data-id=\"5768003\" data-element_type=\"column\">\n\t\t\t<div class=\"elementor-widget-wrap elementor-element-populated\">\n\t\t\t\t\t\t<div class=\"elementor-element elementor-element-8a8dc7c elementor-widget elementor-widget-button\" data-id=\"8a8dc7c\" data-element_type=\"widget\" data-widget_type=\"button.default\">\n\t\t\t\t<div class=\"elementor-widget-container\">\n\t\t\t\t\t<div class=\"elementor-button-wrapper\">\n\t\t\t<a class=\"elementor-button elementor-button-link elementor-size-sm\" href=\"http:\/\/bip.asiis.edu.pl\/index.php\/2021\/04\/27\/sprawozdanie-2019-szkola-podstawowa-w-nawodnej\/\">\n\t\t\t\t\t\t<span class=\"elementor-button-content-wrapper\">\n\t\t\t\t\t\t\t\t\t<span class=\"elementor-button-text\">Szko\u0142a Podstawowa w Nawodnej<\/span>\n\t\t\t\t\t<\/span>\n\t\t\t\t\t<\/a>\n\t\t<\/div>\n\t\t\t\t<\/div>\n\t\t\t\t<\/div>\n\t\t\t\t\t<\/div>\n\t\t<\/div>\n\t\t\t\t\t<\/div>\n\t\t<\/section>\n\t\t\t\t<section class=\"elementor-section elementor-top-section elementor-element elementor-element-65f8d42 elementor-section-boxed elementor-section-height-default elementor-section-height-default\" data-id=\"65f8d42\" data-element_type=\"section\">\n\t\t\t\t\t\t<div class=\"elementor-container elementor-column-gap-default\">\n\t\t\t\t\t<div class=\"elementor-column elementor-col-100 elementor-top-column elementor-element elementor-element-beb9071\" data-id=\"beb9071\" data-element_type=\"column\">\n\t\t\t<div class=\"elementor-widget-wrap elementor-element-populated\">\n\t\t\t\t\t\t<div class=\"elementor-element elementor-element-a197bd0 elementor-widget elementor-widget-button\" data-id=\"a197bd0\" data-element_type=\"widget\" data-widget_type=\"button.default\">\n\t\t\t\t<div class=\"elementor-widget-container\">\n\t\t\t\t\t<div class=\"elementor-button-wrapper\">\n\t\t\t<a class=\"elementor-button elementor-button-link elementor-size-sm\" href=\"http:\/\/bip.asiis.edu.pl\/index.php\/2021\/04\/27\/sprawozdanie-2019-szkola-podstawowa-nr-2-w-chojnie\/\">\n\t\t\t\t\t\t<span class=\"elementor-button-content-wrapper\">\n\t\t\t\t\t\t\t\t\t<span class=\"elementor-button-text\">Szko\u0142a Podstawowa nr 2 w Chojnie<\/span>\n\t\t\t\t\t<\/span>\n\t\t\t\t\t<\/a>\n\t\t<\/div>\n\t\t\t\t<\/div>\n\t\t\t\t<\/div>\n\t\t\t\t\t<\/div>\n\t\t<\/div>\n\t\t\t\t\t<\/div>\n\t\t<\/section>\n\t\t\t\t<section class=\"elementor-section elementor-top-section elementor-element elementor-element-323e88e elementor-section-boxed elementor-section-height-default elementor-section-height-default\" data-id=\"323e88e\" data-element_type=\"section\">\n\t\t\t\t\t\t<div class=\"elementor-container elementor-column-gap-default\">\n\t\t\t\t\t<div class=\"elementor-column elementor-col-100 elementor-top-column elementor-element elementor-element-242eba2\" data-id=\"242eba2\" data-element_type=\"column\">\n\t\t\t<div class=\"elementor-widget-wrap elementor-element-populated\">\n\t\t\t\t\t\t<div class=\"elementor-element elementor-element-12e4aaf elementor-widget elementor-widget-button\" data-id=\"12e4aaf\" data-element_type=\"widget\" data-widget_type=\"button.default\">\n\t\t\t\t<div class=\"elementor-widget-container\">\n\t\t\t\t\t<div class=\"elementor-button-wrapper\">\n\t\t\t<a class=\"elementor-button elementor-button-link elementor-size-sm\" href=\"http:\/\/bip.asiis.edu.pl\/index.php\/2021\/04\/27\/sprawozdanie-2019-szkola-podstawowa-nr-1-im-janusza-korczaka-w-chojnie\/\">\n\t\t\t\t\t\t<span class=\"elementor-button-content-wrapper\">\n\t\t\t\t\t\t\t\t\t<span class=\"elementor-button-text\">Szko\u0142a Podstawowa nr 1 w Chojnie<\/span>\n\t\t\t\t\t<\/span>\n\t\t\t\t\t<\/a>\n\t\t<\/div>\n\t\t\t\t<\/div>\n\t\t\t\t<\/div>\n\t\t\t\t\t<\/div>\n\t\t<\/div>\n\t\t\t\t\t<\/div>\n\t\t<\/section>\n\t\t\t\t<section class=\"elementor-section elementor-top-section elementor-element elementor-element-97e135e elementor-section-boxed elementor-section-height-default elementor-section-height-default\" data-id=\"97e135e\" data-element_type=\"section\">\n\t\t\t\t\t\t<div class=\"elementor-container elementor-column-gap-default\">\n\t\t\t\t\t<div class=\"elementor-column elementor-col-100 elementor-top-column elementor-element elementor-element-7abf851\" data-id=\"7abf851\" data-element_type=\"column\">\n\t\t\t<div class=\"elementor-widget-wrap elementor-element-populated\">\n\t\t\t\t\t\t<div class=\"elementor-element elementor-element-cc94ed4 elementor-widget elementor-widget-button\" data-id=\"cc94ed4\" data-element_type=\"widget\" data-widget_type=\"button.default\">\n\t\t\t\t<div class=\"elementor-widget-container\">\n\t\t\t\t\t<div class=\"elementor-button-wrapper\">\n\t\t\t<a class=\"elementor-button elementor-button-link elementor-size-sm\" href=\"http:\/\/bip.asiis.edu.pl\/index.php\/2021\/04\/27\/sprawozdanie-2019-bajkowe-przedszkole-miejskie-w-chojnie\/\">\n\t\t\t\t\t\t<span class=\"elementor-button-content-wrapper\">\n\t\t\t\t\t\t\t\t\t<span class=\"elementor-button-text\">Bajkowe Przedszkole Miejskie w Chojnie<\/span>\n\t\t\t\t\t<\/span>\n\t\t\t\t\t<\/a>\n\t\t<\/div>\n\t\t\t\t<\/div>\n\t\t\t\t<\/div>\n\t\t\t\t\t<\/div>\n\t\t<\/div>\n\t\t\t\t\t<\/div>\n\t\t<\/section>\n\t\t\t\t<\/div>\n\t\t","protected":false},"excerpt":{"rendered":"<p>Szko\u0142a Podstawowa w Grzybnie Szko\u0142a Podstawowa w Brwicach Szko\u0142a Podstawowa w Krzymowie Szko\u0142a Podstawowa w Nawodnej Szko\u0142a Podstawowa nr 2 w Chojnie Szko\u0142a Podstawowa nr 1 w Chojnie Bajkowe Przedszkole Miejskie w Chojnie<\/p>\n","protected":false},"author":1,"featured_media":0,"parent":0,"menu_order":0,"comment_status":"closed","ping_status":"closed","template":"","meta":{"footnotes":""},"class_list":["post-1285","page","type-page","status-publish","hentry"],"_links":{"self":[{"href":"http:\/\/bip.asiis.edu.pl\/index.php?rest_route=\/wp\/v2\/pages\/1285","targetHints":{"allow":["GET"]}}],"collection":[{"href":"http:\/\/bip.asiis.edu.pl\/index.php?rest_route=\/wp\/v2\/pages"}],"about":[{"href":"http:\/\/bip.asiis.edu.pl\/index.php?rest_route=\/wp\/v2\/types\/page"}],"author":[{"embeddable":true,"href":"http:\/\/bip.asiis.edu.pl\/index.php?rest_route=\/wp\/v2\/users\/1"}],"replies":[{"embeddable":true,"href":"http:\/\/bip.asiis.edu.pl\/index.php?rest_route=%2Fwp%2Fv2%2Fcomments&post=1285"}],"version-history":[{"count":8,"href":"http:\/\/bip.asiis.edu.pl\/index.php?rest_route=\/wp\/v2\/pages\/1285\/revisions"}],"predecessor-version":[{"id":1302,"href":"http:\/\/bip.asiis.edu.pl\/index.php?rest_route=\/wp\/v2\/pages\/1285\/revisions\/1302"}],"wp:attachment":[{"href":"http:\/\/bip.asiis.edu.pl\/index.php?rest_route=%2Fwp%2Fv2%2Fmedia&parent=1285"}],"curies":[{"name":"wp","href":"https:\/\/api.w.org\/{rel}","templated":true}]}}

Sprawozdania szkół podstawowych i przedszkola

<div data-elementor-type="wp-page" data-elementor-id="1285" class="elementor elementor-1285" data-elementor-post-type="page">
						<section class="elementor-section elementor-top-section elementor-element elementor-element-4928dd7 elementor-section-boxed elementor-section-height-default elementor-section-height-default" data-id="4928dd7" data-element_type="section">
						<div class="elementor-container elementor-column-gap-default">
					<div class="elementor-column elementor-col-100 elementor-top-column elementor-element elementor-element-1ef92cb" data-id="1ef92cb" data-element_type="column">
			<div class="elementor-widget-wrap elementor-element-populated">
						<div class="elementor-element elementor-element-dc23fd7 elementor-widget elementor-widget-button" data-id="dc23fd7" data-element_type="widget" data-widget_type="button.default">
				<div class="elementor-widget-container">
					<div class="elementor-button-wrapper">
			<a class="elementor-button elementor-button-link elementor-size-sm" href="http://bip.asiis.edu.pl/index.php/2021/04/27/sprawozdanie-2019-szkola-podstawowa-w-grzybnie/">
						<span class="elementor-button-content-wrapper">
									<span class="elementor-button-text">Szkoła Podstawowa w Grzybnie</span>
					</span>
					</a>
		</div>
				</div>
				</div>
					</div>
		</div>
					</div>
		</section>
				<section class="elementor-section elementor-top-section elementor-element elementor-element-89c06b8 elementor-section-boxed elementor-section-height-default elementor-section-height-default" data-id="89c06b8" data-element_type="section">
						<div class="elementor-container elementor-column-gap-default">
					<div class="elementor-column elementor-col-100 elementor-top-column elementor-element elementor-element-ea3280d" data-id="ea3280d" data-element_type="column">
			<div class="elementor-widget-wrap elementor-element-populated">
						<div class="elementor-element elementor-element-127fa57 elementor-widget elementor-widget-button" data-id="127fa57" data-element_type="widget" data-widget_type="button.default">
				<div class="elementor-widget-container">
					<div class="elementor-button-wrapper">
			<a class="elementor-button elementor-button-link elementor-size-sm" href="http://bip.asiis.edu.pl/index.php/2021/04/27/sprawozdanie-2019-szkola-podstawowa-w-brwicach/">
						<span class="elementor-button-content-wrapper">
									<span class="elementor-button-text">Szkoła Podstawowa w Brwicach</span>
					</span>
					</a>
		</div>
				</div>
				</div>
					</div>
		</div>
					</div>
		</section>
				<section class="elementor-section elementor-top-section elementor-element elementor-element-38b4766 elementor-section-boxed elementor-section-height-default elementor-section-height-default" data-id="38b4766" data-element_type="section">
						<div class="elementor-container elementor-column-gap-default">
					<div class="elementor-column elementor-col-100 elementor-top-column elementor-element elementor-element-e8ff2db" data-id="e8ff2db" data-element_type="column">
			<div class="elementor-widget-wrap elementor-element-populated">
						<div class="elementor-element elementor-element-81d48d3 elementor-widget elementor-widget-button" data-id="81d48d3" data-element_type="widget" data-widget_type="button.default">
				<div class="elementor-widget-container">
					<div class="elementor-button-wrapper">
			<a class="elementor-button elementor-button-link elementor-size-sm" href="http://bip.asiis.edu.pl/index.php/2021/04/27/sprawozdanie-2019-szkola-podstawowa-w-krzymowie/">
						<span class="elementor-button-content-wrapper">
									<span class="elementor-button-text">Szkoła Podstawowa w Krzymowie</span>
					</span>
					</a>
		</div>
				</div>
				</div>
					</div>
		</div>
					</div>
		</section>
				<section class="elementor-section elementor-top-section elementor-element elementor-element-76c8943 elementor-section-boxed elementor-section-height-default elementor-section-height-default" data-id="76c8943" data-element_type="section">
						<div class="elementor-container elementor-column-gap-default">
					<div class="elementor-column elementor-col-100 elementor-top-column elementor-element elementor-element-5768003" data-id="5768003" data-element_type="column">
			<div class="elementor-widget-wrap elementor-element-populated">
						<div class="elementor-element elementor-element-8a8dc7c elementor-widget elementor-widget-button" data-id="8a8dc7c" data-element_type="widget" data-widget_type="button.default">
				<div class="elementor-widget-container">
					<div class="elementor-button-wrapper">
			<a class="elementor-button elementor-button-link elementor-size-sm" href="http://bip.asiis.edu.pl/index.php/2021/04/27/sprawozdanie-2019-szkola-podstawowa-w-nawodnej/">
						<span class="elementor-button-content-wrapper">
									<span class="elementor-button-text">Szkoła Podstawowa w Nawodnej</span>
					</span>
					</a>
		</div>
				</div>
				</div>
					</div>
		</div>
					</div>
		</section>
				<section class="elementor-section elementor-top-section elementor-element elementor-element-65f8d42 elementor-section-boxed elementor-section-height-default elementor-section-height-default" data-id="65f8d42" data-element_type="section">
						<div class="elementor-container elementor-column-gap-default">
					<div class="elementor-column elementor-col-100 elementor-top-column elementor-element elementor-element-beb9071" data-id="beb9071" data-element_type="column">
			<div class="elementor-widget-wrap elementor-element-populated">
						<div class="elementor-element elementor-element-a197bd0 elementor-widget elementor-widget-button" data-id="a197bd0" data-element_type="widget" data-widget_type="button.default">
				<div class="elementor-widget-container">
					<div class="elementor-button-wrapper">
			<a class="elementor-button elementor-button-link elementor-size-sm" href="http://bip.asiis.edu.pl/index.php/2021/04/27/sprawozdanie-2019-szkola-podstawowa-nr-2-w-chojnie/">
						<span class="elementor-button-content-wrapper">
									<span class="elementor-button-text">Szkoła Podstawowa nr 2 w Chojnie</span>
					</span>
					</a>
		</div>
				</div>
				</div>
					</div>
		</div>
					</div>
		</section>
				<section class="elementor-section elementor-top-section elementor-element elementor-element-323e88e elementor-section-boxed elementor-section-height-default elementor-section-height-default" data-id="323e88e" data-element_type="section">
						<div class="elementor-container elementor-column-gap-default">
					<div class="elementor-column elementor-col-100 elementor-top-column elementor-element elementor-element-242eba2" data-id="242eba2" data-element_type="column">
			<div class="elementor-widget-wrap elementor-element-populated">
						<div class="elementor-element elementor-element-12e4aaf elementor-widget elementor-widget-button" data-id="12e4aaf" data-element_type="widget" data-widget_type="button.default">
				<div class="elementor-widget-container">
					<div class="elementor-button-wrapper">
			<a class="elementor-button elementor-button-link elementor-size-sm" href="http://bip.asiis.edu.pl/index.php/2021/04/27/sprawozdanie-2019-szkola-podstawowa-nr-1-im-janusza-korczaka-w-chojnie/">
						<span class="elementor-button-content-wrapper">
									<span class="elementor-button-text">Szkoła Podstawowa nr 1 w Chojnie</span>
					</span>
					</a>
		</div>
				</div>
				</div>
					</div>
		</div>
					</div>
		</section>
				<section class="elementor-section elementor-top-section elementor-element elementor-element-97e135e elementor-section-boxed elementor-section-height-default elementor-section-height-default" data-id="97e135e" data-element_type="section">
						<div class="elementor-container elementor-column-gap-default">
					<div class="elementor-column elementor-col-100 elementor-top-column elementor-element elementor-element-7abf851" data-id="7abf851" data-element_type="column">
			<div class="elementor-widget-wrap elementor-element-populated">
						<div class="elementor-element elementor-element-cc94ed4 elementor-widget elementor-widget-button" data-id="cc94ed4" data-element_type="widget" data-widget_type="button.default">
				<div class="elementor-widget-container">
					<div class="elementor-button-wrapper">
			<a class="elementor-button elementor-button-link elementor-size-sm" href="http://bip.asiis.edu.pl/index.php/2021/04/27/sprawozdanie-2019-bajkowe-przedszkole-miejskie-w-chojnie/">
						<span class="elementor-button-content-wrapper">
									<span class="elementor-button-text">Bajkowe Przedszkole Miejskie w Chojnie</span>
					</span>
					</a>
		</div>
				</div>
				</div>
					</div>
		</div>
					</div>
		</section>
				</div>

<p>Szkoła Podstawowa w Grzybnie Szkoła Podstawowa w Brwicach Szkoła Podstawowa w Krzymowie Szkoła Podstawowa w Nawodnej Szkoła Podstawowa nr 2 w Chojnie Szkoła Podstawowa nr 1 w Chojnie Bajkowe Przedszkole Miejskie w Chojnie</p>
